hen 215 is divided by 7?
5
What is the remainder when 769 is divided by 10?
9
What is the remainder when 2841 is divided by 704?
25
Calculate the remainder when 356 is divided by 15.
11
What is the remainder when 513 is divided by 52?
45
What is the remainder when 315 is divided by 91?
42
What is the remainder when 141 is divided by 15?
6
Calculate the remainder when 833 is divided by 67.
29
What is the remainder when 185 is divided by 11?
9
What is the remainder when 750 is divided by 78?
48
What is the remainder when 195 is divided by 51?
42
What is the remainder when 769 is divided by 43?
38
Calculate the remainder when 28 is divided by 21.
7
What is the remainder when 1267 is divided by 258?
235
Calculate the remainder when 356 is divided by 121.
114
What is the remainder when 731 is divided by 183?
182
What is the remainder when 671 is divided by 17?
8
What is the remainder when 394 is divided by 44?
42
What is the remainder when 2222 is divided by 6?
2
What is the remainder when 875 is divided by 411?
53
Calculate the remainder when 164 is divided by 55.
54
What is the remainder when 117 is divided by 32?
21
Calculate the remainder when 134 is divided by 60.
14
Calculate the remainder when 114 is divided by 58.
56
Calculate the remainder when 7003 is divided by 226.
223
What is the remainder when 153 is divided by 78?
75
What is the remainder when 138 is divided by 21?
12
What is the remainder when 260 is divided by 93?
74
What is the remainder when 104 is divided by 53?
51
What is the remainder when 1546 is divided by 50?
46
What is the remainder when 42 is divided by 8?
2
What is the remainder when 1744 is divided by 113?
49
Calculate the remainder when 1266 is divided by 251.
11
What is the remainder when 279 is divided by 47?
44
Calculate the remainder when 246 is divided by 126.
120
What is the remainder when 9597 is divided by 96?
93
What is the remainder when 5222 is divided by 201?
197
What is the remainder when 3912 is divided by 44?
40
Calculate the remainder when 415 is divided by 204.
7
Calculate the remainder when 897 is divided by 10.
7
Calculate the remainder when 126 is divided by 22.
16
Calculate the remainder when 243 is divided by 35.
33
Calculate the remainder when 1253 is divided by 34.
29
What is the remainder when 361 is divided by 73?
69
Calculate the remainder when 107 is divided by 51.
5
What is the remainder when 62 is divided by 33?
29
Calculate the remainder when 3291 is divided by 1084.
39
Calculate the remainder when 2296 is divided by 19.
16
What is the remainder when 3290 is divided by 21?
14
Calculate the remainder when 265 is divided by 261.
4
Calculate the remainder when 124 is divided by 9.
7
Calculate the remainder when 148 is divided by 31.
24
What is the remainder when 419 is divided by 43?
32
Calculate the remainder when 1005 is divided by 21.
18
Calculate the remainder when 1175 is divided by 31.
28
What is the remainder when 53015 is divided by 47?
46
Calculate the remainder when 106 is divided by 10.
6
Calculate the remainder when 1252 is divided by 66.
64
What is the remainder when 577 is divided by 83?
79
What is the remainder when 34 is divided by 26?
8
Calculate the remainder when 1507 is divided by 6.
1
Calculate the remainder when 3117 is divided by 39.
36
Calculate the remainder when 1565 is divided by 58.
57
What is the remainder when 210 is divided by 54?
48
What is the remainder when 86 is divided by 23?
17
Calculate the remainder when 11830 is divided by 12.
10
What is the remainder when 225 is divided by 104?
17
Calculate the remainder when 18971 is divided by 33.
29
Calculate the remainder when 1016 is divided by 352.
312
What is the remainder when 268 is divided by 45?
43
What is the remainder when 328 is divided by 39?
16
What is the remainder when 316 is divided by 65?
56
Calculate the remainder when 596 is divided by 6.
2
What is the remainder when 676 is divided by 40?
36
What is the remainder when 1997 is divided by 33?
17
Calculate the remainder when 150 is divided by 29.
5
What is the remainder when 637 is divided by 120?
37
Calculate the remainder when 290 is divided by 7.
3
What is the remainder when 680 is divided by 114?
110
Calculate the remainder when 161 is divided by 42.
35
What is the remainder when 21165 is divided by 72?
69
Calculate the remainder when 21886 is divided by 72.
70
Calculate the remainder when 439 is divided by 438.
1
Calculate the remainder when 12928 is divided by 10.
8
Calculate the remainder when 1412 is divided by 109.
104
Calculate the remainder when 812 is divided by 8.
4
Calculate the remainder when 29 is divided by 11.
7
Calculate the remainder when 105 is divided by 30.
15
Calculate the remainder when 144 is divided by 29.
28
What is the remainder when 418 is divided by 25?
18
What is the remainder when 192 is divided by 53?
33
What is the remainder when 545 is divided by 62?
49
What is the remainder when 84 is divided by 4?
0
What is the remainder when 3156 is divided by 81?
78
What is the remainder when 739 is divided by 157?
111
What is the remainder when 248 is divided by 83?
82
What is the remainder when 23250 is divided by 57?
51
Calculate the remainder when 149 is divided by 15.
14
Calculate the remainder when 132 is divided by 38.
18
Calculate the remainder when 198 is divided by 20.
18
Calculate the remainder when 89 is divided by 31.
27
Calculate the remainder when 166 is divided by 46.
28
What is the remainder when 126 is divided by 16?
14
What is the remainder when 1005 is divided by 72?
69
Calculate the remainder when 164 is divided by 74.
16
Calculate the remainder when 260 is divided by 67.
59
Calculate the remainder when 14 is divided by 9.
5
What is the remainder when 125 is divided by 26?
21
Calculate the remainder when 272 is divided by 89.
5
What is the remainder when 74 is divided by 51?
23
Calculate the remainder when 1079 is divided by 97.
12
What is the remainder when 573 is divided by 67?
37
What is the remainder when 74 is divided by 38?
36
Calculate the remainder when 208 is divided by 18.
10
Calculate the remainder when 4479 is divided by 166.
163
What is the remainder when 3127 is divided by 624?
7
What is the remainder when 358 is divided by 229?
129
Calculate the remainder when 350 is divided by 59.
55
What is the remainder when 77 is divided by 13?
12
What is the remainder when 254 is divided by 63?
2
Calculate the remainder when 3811 is divided by 106.
101
What is the remainder when 3388 is divided by 16?
12
Calculate the remainder when 512 is divided by 41.
20
What is the remainder when 1261 is divided by 16?
13
What is the remainder when 825 is divided by 271?
12
What is the remainder when 148 is divided by 65?
18
What is the remainder when 744 is divided by 191?
171
What is the remainder when 424 is divided by 33?
28
Calculate the remainder when 1209 is divided by 6.
3
Calculate the remainder when 2825 is divided by 33.
20
Calculate the remainder when 4918 is divided by 205.
203
What is the remainder when 367 is divided by 11?
4
What is the remainder when 440 is divided by 26?
24
What is the remainder when 57 is divided by 15?
12
Calculate the remainder when 318 is divided by 86.
60
What is the remainder when 5378 is divided by 336?
2
What is the remainder when 1173 is divided by 9?
3
What is the remainder when 153 is divided by 7?
6
What is the remainder when 11 is divided by 6?
5
Calculate the remainder when 701 is divided by 89.
78
What is the remainder when 591 is divided by 94?
27
Calculate the remainder when 443 is divided by 16.
11
What is the remainder when 374 is divided by 19?
13
Calculate the remainder when 1208 is divided by 13.
12
Calculate the remainder when 420 is divided by 9.
6
Calculate the remainder when 1592 is divided by 509.
65
Calculate the remainder when 345 is divided by 110.
15
What is the remainder when 55 is divided by 37?
18
What is the remainder when 278 is divided by 8?
6
What is the remainder when 20915 is divided by 14?
13
Calculate the remainder when 544 is divided by 26.
24
Calculate the remainder when 89 is divided by 35.
19
What is the remainder when 1268 is divided by 364?
176
Calculate the remainder when 221 is divided by 72.
5
What is the remainder when 445 is